{"id":8546,"date":"2021-09-11T14:13:30","date_gmt":"2021-09-11T12:13:30","guid":{"rendered":"https:\/\/skiclubtaunus.de\/wms\/?page_id=8546"},"modified":"2026-04-11T14:23:33","modified_gmt":"2026-04-11T12:23:33","slug":"saisoneinklang-im-kaunertal-2","status":"publish","type":"page","link":"https:\/\/skiclubtaunus.de\/wms\/saisoneinklang-im-kaunertal-2\/","title":{"rendered":"Saisoneinklang im Kaunertal"},"content":{"rendered":"<p><strong>Studentenfahrt Nr.1 &#8211; Saisoneinklang im Kaunertal &#8211; <em>ab 18<\/em><\/strong><br \/>\n<strong>14.10.2021 bis 17.10.2021<\/strong><br \/>\n<img loading=\"lazy\" decoding=\"async\" class=\"alignnone size-full wp-image-688\" src=\"http:\/\/skiclubtaunus.de\/wms\/wp-content\/uploads\/2018\/07\/VorlageBilderFahrten_KTO.jpg\" alt=\"VorlageBilderFahrten_KTO\" width=\"1200\" height=\"226\"><\/p>\n<div class=\".Abstand2\"><span style=\"font-size: medium;\"><strong>Beschreibung:<\/strong><\/span><\/div>\n<p>Gemeinsam mit euch wollen wir die Ski- &amp; Snowboard-Saison im Kaunertal einklingen lassen.<br \/>\nDer Gletscher ist f\u00fcr Schneesicherheit und seinen Snowpark bekannt, der unz\u00e4hlige Kicker, Boxen und Rails bietet.<br \/>\nUnsere Unterkunft liegt in Feichten im Kaunertal und der Gletscher ist mittels Skibus zu erreichen.<br \/>\nUntergebracht sind wir in Apartmentwohnungen, f\u00fcr ein reichhaltiges Fr\u00fchst\u00fcck und Lunchpakete sorgen wir. An den beiden Abenden wird zusammen gekocht, Eink\u00e4ufe besorgen wir zusammen.<\/p>\n<p><a href=\"http:\/\/skiclubtaunus.de\/wms\/category\/galerien\/\" target=\"_blank&quot;\" rel=\"noopener noreferrer\">Bilder der letzten Jahre<\/a><\/p>\n<div class=\"Abstand2\"><span style=\"font-size: medium;\"><strong>Leistungen:<\/strong><\/span><\/div>\n<ul>\n<li>Anreise in Fahrgemeinschaften (Donnerstagabend)<\/li>\n<li>Unterbringung in Mehrbettapartments f\u00fcr 3 N\u00e4chte<\/li>\n<li>3 Tage Skipass, kostenloser Skibus<\/li>\n<li>Volle Verpflegung durch das Skiclub Taunus-Team<\/li>\n<li>Coaching durch unsere \u00dcbungsleiter auf Nachfrage<\/li>\n<\/ul>\n<div class=\".Abstand3\"><strong>Preise:<\/strong><\/div>\n<p>4 Tagesfahrt: 300 \u20ac<br \/>\n+ 30 EUR Nicht-Mitgliederzuschlag (Anrechnung bei Eintritt in den Verein)<\/p>\n<div class=\".Abstand3\"><strong>Zahlung:<\/strong><\/div>\n<p>Anzahlung \u20ac 100 pro Person sofort bei Anmeldung. Restzahlung bis 30.09.2021 auf das Konto:<br \/>\nSki-Club Taunus e.V. &#8211; IBAN: DE23 500 502 010 000 279 960 &#8211; BIC: HELADEF1822<br \/>\nVermerk:\u201cSaisoneinklang Kaunertal &#8211; Teilnehmername(n)\u201c.<\/p>\n<p><strong>Begrenzte Teilnehmerzahl &#8211; Anmeldung + Anzahlungseingang = Reihenfolge<\/strong><\/p>\n<div id=\"\" class=\"ff-root fruitful_alert ff-alert-warning\">\n\t\n\t<i class=\"ff-icon\"><\/i>\n\t\n\t<strong>Coronavirus-Informationen: <\/strong>Wir als Ski-Club Taunus nehmen das Coronavirus (SARS-CoV-2) sehr ernst. Deshalb haben wir f\u00fcr unsere Fahrten in der Saison 2021\/22 ein Sicherheits- und Hygienekonzept erarbeitet und halten uns an die geltenden Bestimmungen in Hessen, \u00d6sterreich und Italien. Alle aktuellen Bestimmungen findest du <a href=\"https:\/\/skiclubtaunus.de\/wms\/covid-19-informationen\/\" target=\"_blank\" rel=\"noopener noreferrer\">hier<\/a>.\t\n\t<a href=\"#\" class=\"ff-alert-dismiss\"><\/a>\n\n<\/div>\n<div class=\".Abstand3\"><strong>Ansprechpartner:<\/strong><\/div>\n<div style=\"float: left; width: 110px; padding-top: 10px;\"><img loading=\"lazy\" decoding=\"async\" title=\"\" src=\"https:\/\/skiclubtaunus.de\/wms\/wp-content\/uploads\/2019\/08\/Lennart_Ausschreibung-233x300.jpg\" alt=\"\" width=\"233\" height=\"300\"><\/div>\n<div style=\"margin-left: 70px; padding-left: 50px; padding-top: 5px;\">Lennart Fischer<br \/>\nmobil: 0176\/31171309<br \/>\nemail: Lfischer1991@gmail.com<\/p>\n<p>&#8222;Ski-\u00dcbungsleiter&#8220;<\/p>\n<\/div>\n<div style=\"float: left; width: 110px; padding-top: 10px;\"><img loading=\"lazy\" decoding=\"async\" title=\"\" src=\"https:\/\/skiclubtaunus.de\/wms\/wp-content\/uploads\/2016\/08\/Oliver_Ausschreibung.jpg\" alt=\"\" width=\"233\" height=\"300\"><\/div>\n<div style=\"margin-left: 70px; padding-left: 50px; padding-top: 5px;\">Oliver Henrich<br \/>\nmobil: 0170\/6664007<br \/>\nemail: oliver.henrich@skiclubtaunus.de&nbsp;<\/p>\n<p>&#8222;Ski-\u00dcbungsleiter&#8220;<\/p>\n<\/div>\n<div style=\"margin: 100px 0 0 0;\"><a href=\"https:\/\/skiclubtaunus.de\/wms\/anmeldung-saisoneinklang-kaunertal\/\" class=\"medium otw-aqua radius otw-button\">Jetzt Buchen<\/a><\/div>\n<p><strong>Trage dich jetzt <a href=\"https:\/\/skiclubtaunus.us12.list-manage.com\/subscribe?u=be5ae5cf8a9272c413b65d59f&amp;id=58ab769e6d\">hier <\/a> f\u00fcr unseren Newsletter f\u00fcr Studentenfahrten ein, um direkt bei Ver\u00f6ffentlichung der Anmeldung informiert zu werden.<\/strong><\/p>\n","protected":false},"excerpt":{"rendered":"<p>Studentenfahrt Nr.1 &#8211; Saisoneinklang im Kaunertal &#8211; ab 18 14.10.2021 bis 17.10.2021 Beschreibung: Gemeinsam mit euch wollen wir die Ski- &amp; Snowboard-Saison im Kaunertal einklingen lassen. Der Gletscher ist f\u00fcr Schneesicherheit und seinen Snowpark bekannt, der unz\u00e4hlige Kicker, Boxen und Rails bietet. Unsere Unterkunft liegt in Feichten im Kaunertal und der Gletscher ist mittels Skibus zu erreichen. Untergebracht sind wir&#8230; <a href=\"https:\/\/skiclubtaunus.de\/wms\/saisoneinklang-im-kaunertal-2\/\">Read more &raquo;<\/a><\/p>\n","protected":false},"author":4,"featured_media":0,"parent":0,"menu_order":0,"comment_status":"closed","ping_status":"closed","template":"","meta":{"ngg_post_thumbnail":0,"footnotes":""},"class_list":["post-8546","page","type-page","status-publish","hentry"],"_links":{"self":[{"href":"https:\/\/skiclubtaunus.de\/wms\/wp-json\/wp\/v2\/pages\/8546","targetHints":{"allow":["GET"]}}],"collection":[{"href":"https:\/\/skiclubtaunus.de\/wms\/wp-json\/wp\/v2\/pages"}],"about":[{"href":"https:\/\/skiclubtaunus.de\/wms\/wp-json\/wp\/v2\/types\/page"}],"author":[{"embeddable":true,"href":"https:\/\/skiclubtaunus.de\/wms\/wp-json\/wp\/v2\/users\/4"}],"replies":[{"embeddable":true,"href":"https:\/\/skiclubtaunus.de\/wms\/wp-json\/wp\/v2\/comments?post=8546"}],"version-history":[{"count":3,"href":"https:\/\/skiclubtaunus.de\/wms\/wp-json\/wp\/v2\/pages\/8546\/revisions"}],"predecessor-version":[{"id":9198,"href":"https:\/\/skiclubtaunus.de\/wms\/wp-json\/wp\/v2\/pages\/8546\/revisions\/9198"}],"wp:attachment":[{"href":"https:\/\/skiclubtaunus.de\/wms\/wp-json\/wp\/v2\/media?parent=8546"}],"curies":[{"name":"wp","href":"https:\/\/api.w.org\/{rel}","templated":true}]}}