{"id":8097,"date":"2020-03-28T10:59:13","date_gmt":"2020-03-28T09:59:13","guid":{"rendered":"https:\/\/skiclubtaunus.de\/wms\/?page_id=8097"},"modified":"2021-04-08T22:29:21","modified_gmt":"2021-04-08T20:29:21","slug":"uebungsleiter-steckbriefe","status":"publish","type":"page","link":"https:\/\/skiclubtaunus.de\/wms\/uebungsleiter-steckbriefe\/","title":{"rendered":"\u00dcbungsleiter Steckbriefe"},"content":{"rendered":"<div id=\"shuffle\">\n<div class=\"row ski\">\n<hr>\n<div class=\"column one\">\n<img loading=\"lazy\" decoding=\"async\" src=\"https:\/\/skiclubtaunus.de\/wms\/wp-content\/uploads\/2020\/05\/Paula.jpg\" alt=\"\" width=\"225\" height=\"300\"><\/p>\n<\/div>\n<div class=\"column two\">\n<strong>Name: <\/strong>Paula Stortz<br \/>\n<strong>Geburtsjahr: <\/strong>1994<br \/>\n<strong>Auf dem Snowboard\/Skiern seit: <\/strong>Seitdem ich denken kann \ud83d\ude42<br \/>\n<strong>\u00dcbungsleiter seit: <\/strong>2017<br \/>\n<strong>\u00dcbungsleiter Stufe: <\/strong>Grundstufe Ski<br \/>\n<strong>Mein Lieblings H\u00fcttenessen: <\/strong>Germkn\u00f6del mit Vanilleso\u00dfe und Mohn<br \/>\n<strong>Das ist das Beste daran \u00dcbungsleiter zu sein: <\/strong>Die eigene Freude an Schneesport weiterzugeben \ud83d\ude42<\/p>\n<\/div>\n<\/div>\n<div class=\"row ski\">\n<hr>\n<div class=\"column one\">\n<img loading=\"lazy\" decoding=\"async\" src=\"https:\/\/skiclubtaunus.de\/wms\/wp-content\/uploads\/2020\/05\/Oliver.jpg\" alt=\"\" width=\"225\" height=\"300\"><\/p>\n<\/div>\n<div class=\"column two\">\n<strong>Name: <\/strong>Oliver Henrich<br \/>\n<strong>Geburtsjahr: <\/strong>1991<br \/>\n<strong>Auf dem Snowboard\/Skiern seit: <\/strong>dem ich 4 Jahre alt bin<br \/>\n<strong>\u00dcbungsleiter seit: <\/strong>2009<br \/>\n<strong>\u00dcbungsleiter Stufe: <\/strong>Grundstufe Ski<br \/>\n<strong>Mein Lieblings H\u00fcttenessen: <\/strong>Alles mit guten Kn\u00f6deln<br \/>\n<strong>Das ist das Beste daran \u00dcbungsleiter zu sein: <\/strong>Gear Talk auf Augenh\u00f6he<\/p>\n<\/div>\n<\/div>\n<div class=\"row\">\n<hr>\n<div class=\"column one\">\n<img loading=\"lazy\" decoding=\"async\" src=\"https:\/\/skiclubtaunus.de\/wms\/wp-content\/uploads\/2020\/05\/Kati.jpg\" alt=\"\" width=\"225\" height=\"300\"><\/p>\n<\/div>\n<div class=\"column two\">\n<strong>Name: <\/strong>Katerina Stelz<br \/>\n<strong>Geburtsjahr: <\/strong>1997<br \/>\n<strong>Auf dem Snowboard\/Skiern seit: <\/strong>Ich bin mit dem Skifahren aufgewachsen und mit 12 habe ich angefangen zu Snowboarden.<br \/>\n<strong>\u00dcbungsleiter seit: <\/strong>2015<br \/>\n<strong>\u00dcbungsleiter Stufe: <\/strong>Grundstufe Snowboard<br \/>\n<strong>Mein Lieblings H\u00fcttenessen: <\/strong>K\u00e4sesp\u00e4tzle mit R\u00f6stzwiebeln<br \/>\n<strong>Das ist das Beste daran \u00dcbungsleiter zu sein: <\/strong>Skiurlaube sind die perfekte Kombination aus Sport, Naturerlebnis, Entspannung und Spa\u00df! Es bereitet mir unglaublich viel Freude dabei mitzuhelfen Freizeiten\/Kurse anbieten zu k\u00f6nnen, die all das vereinen und dabei eine gemeinsame Leidenschaft zu teilen und auch weiterzugeben, die uns alle verbindet!<\/p>\n<\/div>\n<\/div>\n<div class=\"row snowboard\">\n<hr>\n<div class=\"column one\">\n<img loading=\"lazy\" decoding=\"async\" src=\"https:\/\/skiclubtaunus.de\/wms\/wp-content\/uploads\/2020\/05\/Christian.jpg\" alt=\"\" width=\"225\" height=\"300\"><\/p>\n<\/div>\n<div class=\"column two\">\n<strong>Name: <\/strong>Christian Friedow<br \/>\n<strong>Geburtsjahr: <\/strong>1995<br \/>\n<strong>Auf dem Snowboard\/Skiern seit: <\/strong>Ski mit 3, Snowboard mit 12 Jahren<br \/>\n<strong>\u00dcbungsleiter seit: <\/strong>2018<br \/>\n<strong>\u00dcbungsleiter Stufe: <\/strong>Grundstufe Snowboard<br \/>\n<strong>Mein Lieblings H\u00fcttenessen: <\/strong>Eine riesen Portion Kaiserschmarrn zur Vor-, Haupt-, und Nachspeise!<br \/>\n<strong>Das ist das Beste daran \u00dcbungsleiter zu sein: <\/strong>Das Lebensgef\u00fchl des Snowboardens mit anderen Menschen und Generationen teilen zu d\u00fcrfen.<\/p>\n<\/div>\n<\/div>\n<div class=\"row\">\n<hr>\n<div class=\"column one\">\n<img loading=\"lazy\" decoding=\"async\" src=\"https:\/\/skiclubtaunus.de\/wms\/wp-content\/uploads\/2020\/05\/Tina-scaled.jpg\" alt=\"\" width=\"225\" height=\"300\"><\/p>\n<\/div>\n<div class=\"column two\">\n<strong>Name: <\/strong>Tina Mertgen<br \/>\n<strong>Geburtsjahr: <\/strong>1977<br \/>\n<strong>Auf dem Snowboard\/Skiern seit: <\/strong>Mit 2 haben mich meine Eltern auf die Ski gestellt. Seit dem wollte ich nicht wieder runter \ud83d\ude09<br \/>\n<strong>\u00dcbungsleiter seit: <\/strong>1999<br \/>\n<strong>\u00dcbungsleiter Stufe: <\/strong>Grundstufe Ski<br \/>\n<strong>Mein Lieblings H\u00fcttenessen: <\/strong>Germkn\u00f6del muss sein!<br \/>\n<strong>Das ist das Beste daran \u00dcbungsleiter zu sein: <\/strong>Ein Leben ohne Skifahren ist m\u00f6glich, aber sinnlos. Diese Erkenntnis weiterzugeben macht sehr viel Spa\u00df.<\/p>\n<\/div>\n<\/div>\n<div class=\"row telemark\">\n<hr>\n<div class=\"column one\">\n<img loading=\"lazy\" decoding=\"async\" src=\"https:\/\/skiclubtaunus.de\/wms\/wp-content\/uploads\/2020\/05\/Maxel-scaled.jpg\" alt=\"\" width=\"225\" height=\"300\"><\/p>\n<\/div>\n<div class=\"column two\">\n<strong>Name: <\/strong>Maximilian H\u00fcbner<br \/>\n<strong>Geburtsjahr: <\/strong>1990<br \/>\n<strong>Auf dem Snowboard\/Skiern seit: <\/strong>Seit ich denken kann.<br \/>\n<strong>\u00dcbungsleiter seit: <\/strong>2018<br \/>\n<strong>\u00dcbungsleiter Stufe: <\/strong>Instructor Ski<br \/>\n<strong>Mein Lieblings H\u00fcttenessen: <\/strong>Die gr\u00f6\u00dfte Portion!<br \/>\n<strong>Das ist das Beste daran \u00dcbungsleiter zu sein: <\/strong>Breitensport begeistert und dabei kann man helfen \ud83d\ude42<\/p>\n<\/div>\n<\/div>\n<div class=\"row\">\n<hr>\n<div class=\"column one\">\n<img loading=\"lazy\" decoding=\"async\" src=\"https:\/\/skiclubtaunus.de\/wms\/wp-content\/uploads\/2020\/05\/Marie.jpg\" alt=\"\" width=\"225\" height=\"300\"><\/p>\n<\/div>\n<div class=\"column two\">\n<strong>Name: <\/strong>Marie-Theres Franke<br \/>\n<strong>Geburtsjahr: <\/strong>1992<br \/>\n<strong>Auf dem Snowboard\/Skiern seit: <\/strong>Auf Skiern stand ich das erste Mal mit 4 Jahren.<br \/>\n<strong>\u00dcbungsleiter seit: <\/strong>2018<br \/>\n<strong>\u00dcbungsleiter Stufe: <\/strong>Grundstufe Ski<br \/>\n<strong>Mein Lieblings H\u00fcttenessen: <\/strong>Herzhaft: Spinatkn\u00f6del &amp; S\u00fc\u00df: Kaiserschmarrn oder Germkn\u00f6del<br \/>\n<strong>Das ist das Beste daran \u00dcbungsleiter zu sein: <\/strong>Begeisterung f\u00fcr den Wintersport mit anderen teilen; mit Freude und Sicherheit mit Euch im Schnee unterwegs zu sein; Wissen vermitteln und gemeinsame Erlebnisse<\/p>\n<\/div>\n<\/div>\n<div class=\"row\">\n<hr>\n<div class=\"column one\">\n<img loading=\"lazy\" decoding=\"async\" src=\"https:\/\/skiclubtaunus.de\/wms\/wp-content\/uploads\/2020\/05\/Dennis.jpg\" alt=\"\" width=\"225\" height=\"300\"><\/p>\n<\/div>\n<div class=\"column two\">\n<strong>Name: <\/strong>Dennis H\u00f6rr<br \/>\n<strong>Geburtsjahr: <\/strong>1989<br \/>\n<strong>Auf dem Snowboard\/Skiern seit: <\/strong>Snowboarden habe ich mit 18 gelernt.<br \/>\n<strong>\u00dcbungsleiter seit: <\/strong>2010<br \/>\n<strong>\u00dcbungsleiter Stufe: <\/strong>Instructor Snowboard<br \/>\n<strong>Mein Lieblings H\u00fcttenessen: <\/strong>Definitiv ein guter Kaiserschmarren mit Apfelmus.<br \/>\n<strong>Das ist das Beste daran \u00dcbungsleiter zu sein: <\/strong>Mit anderen die eigene Leidenschaft teilen und die Natur genie\u00dfen.<\/div>\n<\/div>\n<div class=\"row\">\n<hr>\n<div class=\"column one\">\n<img loading=\"lazy\" decoding=\"async\" src=\"https:\/\/skiclubtaunus.de\/wms\/wp-content\/uploads\/2020\/05\/Pia.jpg\" alt=\"\" width=\"225\" height=\"300\"><\/p>\n<\/div>\n<div class=\"column two\">\n<strong>Name: <\/strong>Pia Gideon<br \/>\n<strong>Geburtsjahr: <\/strong>1998<br \/>\n<strong>Auf dem Snowboard\/Skiern seit: <\/strong>Ski fahre ich seit meinem 5. Lebensjahr, jedoch bin ich mit 13 auf das Snowboard umgestiegen.<br \/>\n<strong>\u00dcbungsleiter seit: <\/strong>2017<br \/>\n<strong>\u00dcbungsleiter Stufe: <\/strong>Grundstufe Snowboard<br \/>\n<strong>Mein Lieblings H\u00fcttenessen: <\/strong>Kaiserschmarrn mit Apfelmus<br \/>\n<strong>Das ist das Beste daran \u00dcbungsleiter zu sein: <\/strong>Die Kombination aus einem super sch\u00f6nen Berg-Panorama und vielen strahlenden (Kinder-)Augen auf der Piste ist sehr schwer zu \u00fcberbieten!<\/p>\n<\/div>\n<\/div>\n<div class=\"row\">\n<hr>\n<div class=\"column one\">\n<img loading=\"lazy\" decoding=\"async\" src=\"https:\/\/skiclubtaunus.de\/wms\/wp-content\/uploads\/2020\/03\/Bene_neu.png\" alt=\"\" width=\"225\" height=\"300\"><\/p>\n<\/div>\n<div class=\"column two\">\n<strong>Name: <\/strong>Benedikt Batton<br \/>\n<strong>Geburtsjahr: <\/strong>1992<br \/>\n<strong>Auf dem Snowboard\/Skiern seit: <\/strong>Ski fahre ich seitdem ich 3 Jahre alt bin, Snowboarden habe ich mit 14 Jahren angefangen<br \/>\n<strong>\u00dcbungsleiter seit: <\/strong>2011<br \/>\n<strong>\u00dcbungsleiter Stufe: <\/strong>Instructor Snowboard<br \/>\n<strong>Mein Lieblings H\u00fcttenessen: <\/strong>Kaspre\u00dfkn\u00f6del auf Sauerkraut mit Bratenso\u00dfe und zum Nachtisch einen Kaischerschmarrn!<br \/>\n<strong>Das ist das Beste daran \u00dcbungsleiter zu sein: <\/strong>Meine Passion f\u00fcr den Wintersport weitergeben zu k\u00f6nnen, den Spa\u00df und die Freude daran zu vermitteln und einfach eine gute Zeit mit euch im Schnee zu haben.<\/p>\n<\/div>\n<\/div>\n<div class=\"row\">\n<hr>\n<div class=\"column one\">\n<img loading=\"lazy\" decoding=\"async\" src=\"https:\/\/skiclubtaunus.de\/wms\/wp-content\/uploads\/2020\/05\/Theresa.jpg\" alt=\"\" width=\"225\" height=\"300\"><\/p>\n<\/div>\n<div class=\"column two\">\n<strong>Name: <\/strong>Theresa Witting<br \/>\n<strong>Geburtsjahr: <\/strong>1995<br \/>\n<strong>Auf dem Snowboard\/Skiern seit: <\/strong>Ski fahre ich seitdem ich 3 Jahre alt bin!<br \/>\n<strong>\u00dcbungsleiter seit: <\/strong>2012<br \/>\n<strong>\u00dcbungsleiter Stufe: <\/strong>Instructor Ski<br \/>\n<strong>Mein Lieblings H\u00fcttenessen: <\/strong>Ich liebe es Kaiserschmarrn und Kasspatzln zu essen<br \/>\n<strong>Das ist das Beste daran \u00dcbungsleiter zu sein: <\/strong>Ich liebe die Berge und den Skisport seit in denken kann. Es macht mir Spa\u00df die Begeisterung an Jugendliche weiter zu geben und eine gute und spa\u00dfige Zeit zu haben.<\/p>\n<\/div>\n<\/div>\n<div class=\"row\">\n<hr>\n<div class=\"column one\">\n<img loading=\"lazy\" decoding=\"async\" src=\"https:\/\/skiclubtaunus.de\/wms\/wp-content\/uploads\/2020\/05\/Constantin.jpg\" alt=\"\" width=\"225\" height=\"300\"><\/p>\n<\/div>\n<div class=\"column two\">\n<strong>Name: <\/strong>Constantin Schneider<br \/>\n<strong>Geburtsjahr: <\/strong>1995<br \/>\n<strong>Auf dem Snowboard\/Skiern seit: <\/strong>Ich wurde bereits als kleiner St\u00f6psel mit zweieinhalb Jahren auf die Ski gestellt.<br \/>\n<strong>\u00dcbungsleiter seit: <\/strong>2015<br \/>\n<strong>\u00dcbungsleiter Stufe: <\/strong>Instructor Ski<br \/>\n<strong>Mein Lieblings H\u00fcttenessen: <\/strong>Tiroler Gr\u00f6stl, in Italien Pizzoccheri und wenns mal doch die Schweiz ist Raclette<br \/>\n<strong>Das ist das Beste daran \u00dcbungsleiter zu sein: <\/strong>Spiel, Spa\u00df und Freude &#8211; Ganz klar, die Zeit mit unseren Teilnehmern in einer traumhaften Berglandschaft zu verbringen und dabei auch noch seine Leidenschaft f\u00fcr den Wintersport weitergeben zu d\u00fcrfen.<\/p>\n<\/div>\n<\/div>\n<div class=\"row\">\n<hr>\n<div class=\"column one\">\n<img loading=\"lazy\" decoding=\"async\" src=\"https:\/\/skiclubtaunus.de\/wms\/wp-content\/uploads\/2020\/05\/Lea.jpg\" alt=\"\" width=\"225\" height=\"300\"><\/p>\n<\/div>\n<div class=\"column two\">\n<strong>Name: <\/strong>Lea Sophie Rau<br \/>\n<strong>Geburtsjahr: <\/strong>1998<br \/>\n<strong>Auf dem Snowboard\/Skiern seit: <\/strong>Nachdem ich mit 4 das Skifahren begonnen habe, fand ich es mit 8 Jahren cooler, nur noch ein Brett unter den F\u00fc\u00dfen zu haben.<br \/>\n<strong>\u00dcbungsleiter seit: <\/strong>2016<br \/>\n<strong>\u00dcbungsleiter Stufe: <\/strong>Grundstufe Snowboard<br \/>\n<strong>Mein Lieblings H\u00fcttenessen: <\/strong>Am Liebsten esse ich Schnitzel oder Kasnocken auf der H\u00fctte.<br \/>\n<strong>Das ist das Beste daran \u00dcbungsleiter zu sein: <\/strong>Mir macht es am meisten Spa\u00df, mit jeder Gruppe eine eigene Dynamik zu entwickeln und meinen Spa\u00df am Wintersport an andere weiterzugeben.<\/p>\n<\/div>\n<\/div>\n<div class=\"row skitouren ski\">\n<hr>\n<div class=\"column one\">\n<img loading=\"lazy\" decoding=\"async\" src=\"https:\/\/skiclubtaunus.de\/wms\/wp-content\/uploads\/2020\/05\/Paul-scaled.jpg\" alt=\"\" width=\"225\" height=\"300\"><\/p>\n<\/div>\n<div class=\"column two\">\n<strong>Name: <\/strong>Paul Szrama<br \/>\n<strong>Geburtsjahr: <\/strong>1985<br \/>\n<strong>Auf dem Snowboard\/Skiern seit: <\/strong>Aktiv seit 2010<br \/>\n<strong>\u00dcbungsleiter seit: <\/strong>2017<br \/>\n<strong>\u00dcbungsleiter Stufe: <\/strong>Instructor Ski &amp; Skitouren<br \/>\n<strong>Mein Lieblings H\u00fcttenessen: <\/strong>Kaspreskn\u00f6delsuppe als Vorspeise und danach ein Tiroler Gr\u00f6stl<br \/>\n<strong>Das ist das Beste daran \u00dcbungsleiter zu sein: <\/strong>Die Menschen nicht nur f\u00fcr das Skifahren\/Skitouren gehen zu begeistern sondern auch zu zeigen dass es mehr ist als mit dem Lift rauf und auf Skiern wieder runter.<\/p>\n<\/div>\n<\/div>\n<div class=\"row\">\n<hr>\n<div class=\"column one\">\n<img loading=\"lazy\" decoding=\"async\" src=\"https:\/\/skiclubtaunus.de\/wms\/wp-content\/uploads\/2020\/05\/Lisa.jpg\" alt=\"\" width=\"225\" height=\"300\"><\/p>\n<\/div>\n<div class=\"column two\">\n<strong>Name: <\/strong>Lisa Rau<br \/>\n<strong>Geburtsjahr: <\/strong>1996<br \/>\n<strong>Auf dem Snowboard\/Skiern seit: <\/strong>Mit 5 Jahren habe ich Skifahren gelernt. Mit 11 bin ich aufs Snowboard umgestiegen und dabei geblieben!<br \/>\n<strong>\u00dcbungsleiter seit: <\/strong>2016<br \/>\n<strong>\u00dcbungsleiter Stufe: <\/strong>Grundstufe Snowboard<br \/>\n<strong>Mein Lieblings H\u00fcttenessen: <\/strong>Am liebsten esse ich eine gute Brotzeit mit Bergk\u00e4se, Pfefferbeisser und Schinken!<br \/>\n<strong>Das ist das Beste daran \u00dcbungsleiter zu sein: <\/strong>F\u00fcr mich ist es eine Bereicherung, wenn meine Sch\u00fcler Fortschritte machen und dabei Spa\u00df haben. Das macht mich immer sehr stolz!<\/p>\n<\/div>\n<\/div>\n<div class=\"row\">\n<hr>\n<div class=\"column one\">\n<img loading=\"lazy\" decoding=\"async\" src=\"https:\/\/skiclubtaunus.de\/wms\/wp-content\/uploads\/2020\/05\/Dome-scaled.jpg\" alt=\"\" width=\"225\" height=\"300\"><\/p>\n<\/div>\n<div class=\"column two\">\n<strong>Name: <\/strong>Dominik Gro\u00df<br \/>\n<strong>Geburtsjahr: <\/strong>1992<br \/>\n<strong>Auf dem Snowboard\/Skiern seit: <\/strong>Meine Eltern haben mich mit 4 Jahren auf Skier gestellt, mit 8 habe ich dann das Snowboarden f\u00fcr mich entdeckt.<br \/>\n<strong>\u00dcbungsleiter seit: <\/strong>2017<br \/>\n<strong>\u00dcbungsleiter Stufe: <\/strong>Grundstufe Snowboard<br \/>\n<strong>Mein Lieblings H\u00fcttenessen: <\/strong>Eine ordentliche Portion Kasnocken!<br \/>\n<strong>Das ist das Beste daran \u00dcbungsleiter zu sein: <\/strong>Die Leidenschaft f\u00fcrs Snowboarden mit anderen zu teilen und zusammen eine gute Zeit zu haben &#8211; so einfach ist das &lt;3<\/div>\n<\/div>\n<div class=\"row\">\n<hr>\n<div class=\"column one\">\n<img loading=\"lazy\" decoding=\"async\" src=\"https:\/\/skiclubtaunus.de\/wms\/wp-content\/uploads\/2020\/05\/Jonas.jpg\" alt=\"\" width=\"225\" height=\"300\"><\/p>\n<\/div>\n<div class=\"column two\">\n<strong>Name: <\/strong>Jonas Pluder<br \/>\n<strong>Geburtsjahr: <\/strong>2000<br \/>\n<strong>Auf dem Snowboard\/Skiern seit: <\/strong>seit 9 Ski und seit 5 Snowboard<br \/>\n<strong>\u00dcbungsleiter seit: <\/strong>2019<br \/>\n<strong>\u00dcbungsleiter Stufe: <\/strong>Grundstufe Snowboard<br \/>\n<strong>Mein Lieblings H\u00fcttenessen: <\/strong>Tiroler Gr\u00f6stl<br \/>\n<strong>Das ist das Beste daran \u00dcbungsleiter zu sein: <\/strong>Den Lernfortschritt seiner Sch\u00fcler beobachten zu k\u00f6nnen<\/p>\n<\/div>\n<\/div>\n<div class=\"row\">\n<hr>\n<div class=\"column one\">\n<img loading=\"lazy\" decoding=\"async\" src=\"https:\/\/skiclubtaunus.de\/wms\/wp-content\/uploads\/2016\/05\/Platzhalter-Bild.jpg\" alt=\"\" width=\"225\" height=\"300\"><\/p>\n<\/div>\n<div class=\"column two\">\n<strong>Name: <\/strong>Victoria Deutsch<br \/>\n<strong>Geburtsjahr: <\/strong>2002<br \/>\n<strong>Auf dem Snowboard\/Skiern seit: <\/strong>Ich habe mit zwei Jahren zum ersten Mal auf Skiern gestanden.<br \/>\n<strong>\u00dcbungsleiter seit: <\/strong>2019<br \/>\n<strong>\u00dcbungsleiter Stufe: <\/strong>Grundstufe Ski<br \/>\n<strong>Mein Lieblings H\u00fcttenessen: <\/strong>Ich esse auf der H\u00fctte am liebsten Apfelstrudel mit Sahne und Vanilleso\u00dfe.<br \/>\n<strong>Das ist das Beste daran \u00dcbungsleiter zu sein: <\/strong>Ich liebe Skifahren und andere daf\u00fcr zu begeistern.<\/p>\n<\/div>\n<\/div>\n<\/div>\n","protected":false},"excerpt":{"rendered":"<p>Name: Paula Stortz Geburtsjahr: 1994 Auf dem Snowboard\/Skiern seit: Seitdem ich denken kann \ud83d\ude42 \u00dcbungsleiter seit: 2017 \u00dcbungsleiter Stufe: Grundstufe Ski Mein Lieblings H\u00fcttenessen: Germkn\u00f6del mit Vanilleso\u00dfe und Mohn Das ist das Beste daran \u00dcbungsleiter zu sein: Die eigene Freude an Schneesport weiterzugeben \ud83d\ude42 Name: Oliver Henrich Geburtsjahr: 1991 Auf dem Snowboard\/Skiern seit: dem ich 4 Jahre alt bin \u00dcbungsleiter&#8230; <a href=\"https:\/\/skiclubtaunus.de\/wms\/uebungsleiter-steckbriefe\/\">Read more &raquo;<\/a><\/p>\n","protected":false},"author":4,"featured_media":0,"parent":0,"menu_order":0,"comment_status":"closed","ping_status":"closed","template":"","meta":{"ngg_post_thumbnail":0,"footnotes":""},"class_list":["post-8097","page","type-page","status-publish","hentry"],"_links":{"self":[{"href":"https:\/\/skiclubtaunus.de\/wms\/wp-json\/wp\/v2\/pages\/8097","targetHints":{"allow":["GET"]}}],"collection":[{"href":"https:\/\/skiclubtaunus.de\/wms\/wp-json\/wp\/v2\/pages"}],"about":[{"href":"https:\/\/skiclubtaunus.de\/wms\/wp-json\/wp\/v2\/types\/page"}],"author":[{"embeddable":true,"href":"https:\/\/skiclubtaunus.de\/wms\/wp-json\/wp\/v2\/users\/4"}],"replies":[{"embeddable":true,"href":"https:\/\/skiclubtaunus.de\/wms\/wp-json\/wp\/v2\/comments?post=8097"}],"version-history":[{"count":43,"href":"https:\/\/skiclubtaunus.de\/wms\/wp-json\/wp\/v2\/pages\/8097\/revisions"}],"predecessor-version":[{"id":8493,"href":"https:\/\/skiclubtaunus.de\/wms\/wp-json\/wp\/v2\/pages\/8097\/revisions\/8493"}],"wp:attachment":[{"href":"https:\/\/skiclubtaunus.de\/wms\/wp-json\/wp\/v2\/media?parent=8097"}],"curies":[{"name":"wp","href":"https:\/\/api.w.org\/{rel}","templated":true}]}}