{"id":651,"date":"2016-05-23T12:02:59","date_gmt":"2016-05-23T10:02:59","guid":{"rendered":"http:\/\/skiclubtaunus.de\/wms\/?page_id=651"},"modified":"2026-04-11T14:23:33","modified_gmt":"2026-04-11T12:23:33","slug":"familienfahrten","status":"publish","type":"page","link":"https:\/\/skiclubtaunus.de\/wms\/familienfahrten\/","title":{"rendered":"Familienfahrten"},"content":{"rendered":"<div id=\"Anchor\"><a href=\"#Fahrt1\">Familienfahrt 1: Pistenspa\u00df<\/a><\/div>\n<div id=\"Anchor\"><a href=\"#Fahr2\">Familienfahrt 2: Fun &amp; Firn<\/a><\/div>\n<hr>\n<p><img loading=\"lazy\" decoding=\"async\" id=\"Fahrt1\" class=\"alignnone size-full wp-image-681\" src=\"http:\/\/skiclubtaunus.de\/wms\/wp-content\/uploads\/2016\/05\/VorlageBilderFahrten_Kronplatz.jpg\" alt=\"VorlageBilderFahrten_Kronplatz\" width=\"1200\" height=\"226\" srcset=\"https:\/\/skiclubtaunus.de\/wms\/wp-content\/uploads\/2016\/05\/VorlageBilderFahrten_Kronplatz.jpg 1200w, https:\/\/skiclubtaunus.de\/wms\/wp-content\/uploads\/2016\/05\/VorlageBilderFahrten_Kronplatz-300x57.jpg 300w, https:\/\/skiclubtaunus.de\/wms\/wp-content\/uploads\/2016\/05\/VorlageBilderFahrten_Kronplatz-768x145.jpg 768w, https:\/\/skiclubtaunus.de\/wms\/wp-content\/uploads\/2016\/05\/VorlageBilderFahrten_Kronplatz-1024x193.jpg 1024w, https:\/\/skiclubtaunus.de\/wms\/wp-content\/uploads\/2016\/05\/VorlageBilderFahrten_Kronplatz-624x118.jpg 624w\" sizes=\"auto, (max-width: 1200px) 100vw, 1200px\" \/><br \/>\n<strong>Familienfahrt Nr.1 &#8211; Pistenspa\u00df am Kronplatz in S\u00fcdtirol<\/strong><br \/>\n<strong>vom 04.01.2026 bis 10.01.2026<\/strong><br \/>\nUnsere Fahrt in den Weihnachtsferien f\u00fcr alle Familienmitglieder geht an den Kronplatz \u2013 S\u00fcdtirols Skiberg Nr. 1. Das Skigebiet Kronplatz verf\u00fcgt \u00fcber 119 Pistenkilometer und 32 modernste Aufstiegsanlagen, sowie zahlreiche Abfahrten mit unterschiedlichen Schwierigkeitsgraden \u2013 vom Anf\u00e4nger bis zum Profi. Hier findet jeder die passende Piste.<br \/>\n<p><img loading=\"lazy\" decoding=\"async\" align=\"bottom\" src=\"http:\/\/skiclubtaunus.de\/wms\/wp-content\/uploads\/2016\/11\/Green.png\" alt=\"check-mark\" width=\"15\" height=\"15\" \/><font color=\"#41AD49\"><strong>&nbsp;&nbsp;Noch Pl\u00e4tze verf\u00fcgbar<\/font><\/strong><\/p>\r\n<\/p>\n<a href=\"https:\/\/skiclubtaunus.de\/wms\/familienfahrt-weihnachten-kronplatz\/\" class=\"medium otw-orange radius otw-button\">Ausschreibung &amp; Anmeldung<\/a>\n<hr>\n<p><img loading=\"lazy\" decoding=\"async\" id=\"Fahrt2\" class=\"alignnone size-full wp-image-681\" src=\"https:\/\/skiclubtaunus.de\/wms\/wp-content\/uploads\/2016\/05\/VorlageBilderFahrten_Mittersil.jpg\" alt=\"VorlageBilderFahrten_Kronplatz\" width=\"1200\" height=\"226\"><br \/>\n<strong>Familienfahrt Nr.2 &#8211; Fun &amp; Firn im Schnalstal<\/strong><br \/>\n<strong>vom 28.03.2026 bis 04.04.2026<\/strong><br \/>\nUnsere Familienfahrt an Ostern f\u00fchrt uns diesmal ins Schnalstal unweit der Fundstelle von \u00d6tzi. Das Gletscherskigebiet bietet eine Auswahl aus 42 Pistenkilometern und 13 Liftanlagen. Es herrscht absolute Schneegarantie von September bis Mai. Die Pisten ziehen sich von der Bergstation Grawand auf 3.212 Metern und den Bergstationen der Sessellifte bis zur Kurzraser Talstation auf \u00fcber 2.000 Metern. Die Pistenkilometer verteilen sich gleichm\u00e4\u00dfig auf blaue, rote und schwarze Pisten, sodass hier jeder auf seine Kosten kommt.<\/p>\n<p><p><img loading=\"lazy\" decoding=\"async\" align=\"bottom\" src=\"http:\/\/skiclubtaunus.de\/wms\/wp-content\/uploads\/2016\/11\/Green.png\" alt=\"check-mark\" width=\"15\" height=\"15\" \/><font color=\"#41AD49\"><strong>&nbsp;&nbsp;Noch Pl\u00e4tze verf\u00fcgbar<\/font><\/strong><\/p>\r\n<br \/>\n<a href=\"https:\/\/skiclubtaunus.de\/wms\/familienfahrt-2-ostern-schnalstal\/\" class=\"medium otw-orange radius otw-button\">Ausschreibung &amp; Anmeldung<\/a><\/p>\n<hr>\n<p><!--?php \/*\n<img loading=\"lazy\" decoding=\"async\" class=\"alignnone size-full wp-image-568\" src=\"http:\/\/skiclubtaunus.de\/wms\/wp-content\/uploads\/2016\/05\/VorlageBilderFahrten.jpg\" alt=\"VorlageBilderFahrten\" id=\"Fahrt1\" width=\"1200\" height=\"226\" srcset=\"https:\/\/skiclubtaunus.de\/wms\/wp-content\/uploads\/2016\/05\/VorlageBilderFahrten.jpg 1200w, https:\/\/skiclubtaunus.de\/wms\/wp-content\/uploads\/2016\/05\/VorlageBilderFahrten-300x57.jpg 300w, https:\/\/skiclubtaunus.de\/wms\/wp-content\/uploads\/2016\/05\/VorlageBilderFahrten-768x145.jpg 768w, https:\/\/skiclubtaunus.de\/wms\/wp-content\/uploads\/2016\/05\/VorlageBilderFahrten-1024x193.jpg 1024w, https:\/\/skiclubtaunus.de\/wms\/wp-content\/uploads\/2016\/05\/VorlageBilderFahrten-624x118.jpg 624w\" sizes=\"auto, (max-width: 1200px) 100vw, 1200px\" \/>\n<strong>Familienfahrt Nr.1 - Ski-Opening auf dem Hintertuxer Gletscher<\/strong>\n<em>enf\u00e4llt<\/em>\nZum Saisonstart fahren wir mit euch zum Hintertuxer Gletscher. Bei Schneegarantie gibt es f\u00fcr alle Eltern und Kinder eine Menge Spa\u00df, Skikurs und auch nach dem Skifahren ist f\u00fcr jedermann etwas geboten.\n\n[sc name=\"Cross\"]\n\n[otw_shortcode_button href=\"http:\/\/skiclubtaunus.de\/wms\/ski-openining-tux\/\" size=\"medium\" icon_position=\"left\" shape=\"radius\" color_class=\"otw-orange\"]Ausschreibung &amp; Anmeldung[\/otw_shortcode_button]\n\n\n\n<hr>\n\n\n\n*\/ ?--><\/p>\n<style>\n@media (max-width: 1096px) {<br \/>\n  div#Anchor{<br \/>\n    visibility: hidden;<br \/>\n  position: absolute;<br \/>\n    top: 490px;<br \/>\n  margin-left: 0px;<br \/>\n  width: 45px;<br \/>\n  padding-left: 0px;;<\/p>\n<p>  }<br \/>\n}<\/style>\n","protected":false},"excerpt":{"rendered":"<p>Familienfahrt 1: Pistenspa\u00df Familienfahrt 2: Fun &amp; Firn Familienfahrt Nr.1 &#8211; Pistenspa\u00df am Kronplatz in S\u00fcdtirol vom 04.01.2026 bis 10.01.2026 Unsere Fahrt in den Weihnachtsferien f\u00fcr alle Familienmitglieder geht an den Kronplatz \u2013 S\u00fcdtirols Skiberg Nr. 1. Das Skigebiet Kronplatz verf\u00fcgt \u00fcber 119 Pistenkilometer und 32 modernste Aufstiegsanlagen, sowie zahlreiche Abfahrten mit unterschiedlichen Schwierigkeitsgraden \u2013 vom Anf\u00e4nger bis zum Profi&#8230;. <a href=\"https:\/\/skiclubtaunus.de\/wms\/familienfahrten\/\">Read more &raquo;<\/a><\/p>\n","protected":false},"author":4,"featured_media":0,"parent":0,"menu_order":0,"comment_status":"closed","ping_status":"closed","template":"","meta":{"ngg_post_thumbnail":0,"footnotes":""},"class_list":["post-651","page","type-page","status-publish","hentry"],"_links":{"self":[{"href":"https:\/\/skiclubtaunus.de\/wms\/wp-json\/wp\/v2\/pages\/651","targetHints":{"allow":["GET"]}}],"collection":[{"href":"https:\/\/skiclubtaunus.de\/wms\/wp-json\/wp\/v2\/pages"}],"about":[{"href":"https:\/\/skiclubtaunus.de\/wms\/wp-json\/wp\/v2\/types\/page"}],"author":[{"embeddable":true,"href":"https:\/\/skiclubtaunus.de\/wms\/wp-json\/wp\/v2\/users\/4"}],"replies":[{"embeddable":true,"href":"https:\/\/skiclubtaunus.de\/wms\/wp-json\/wp\/v2\/comments?post=651"}],"version-history":[{"count":81,"href":"https:\/\/skiclubtaunus.de\/wms\/wp-json\/wp\/v2\/pages\/651\/revisions"}],"predecessor-version":[{"id":9482,"href":"https:\/\/skiclubtaunus.de\/wms\/wp-json\/wp\/v2\/pages\/651\/revisions\/9482"}],"wp:attachment":[{"href":"https:\/\/skiclubtaunus.de\/wms\/wp-json\/wp\/v2\/media?parent=651"}],"curies":[{"name":"wp","href":"https:\/\/api.w.org\/{rel}","templated":true}]}}