{"id":615,"date":"2016-05-23T11:37:48","date_gmt":"2016-05-23T09:37:48","guid":{"rendered":"http:\/\/skiclubtaunus.de\/wms\/?page_id=615"},"modified":"2026-04-11T14:23:33","modified_gmt":"2026-04-11T12:23:33","slug":"hauptvorstand","status":"publish","type":"page","link":"https:\/\/skiclubtaunus.de\/wms\/hauptvorstand\/","title":{"rendered":"Hauptvorstand"},"content":{"rendered":"<table style=\"width: 100%;\" border=\"0\" cellspacing=\"1\" cellpadding=\"1\" align=\"left\">\n<thead>\n<tr>\n<th style=\"text-align: left;\" scope=\"col\">Position<\/th>\n<th style=\"text-align: left;\" scope=\"col\">Name<\/th>\n<\/tr>\n<\/thead>\n<tbody>\n<tr>\n<td>1. Vorsitzender<\/td>\n<td><a href=\"mailto:dominik.gross@skiclubtaunus.de\">Dominik Gross<\/a><\/td>\n<\/tr>\n<tr>\n<td>2. Vorsitzender<\/td>\n<td><a href=\"mailto:andreas.fauner@skiclubtaunus.de\">Andreas Fauner<\/a><\/td>\n<\/tr>\n<tr>\n<td>Finanzen<\/td>\n<td><a class=\"category\" href=\"mailto:heribert.franz@skiclubtaunus.de\">Heribert Franz<\/a><\/td>\n<\/tr>\n<tr>\n<td>Lehrwesen<\/td>\n<td><a href=\"mailto:paula.stortz@web.de\">Paula Stortz<\/a><\/td>\n<\/tr>\n<tr>\n<td>\u00dcbungsleiterwart<\/td>\n<td><a href=\"mailto:dennis.hoerr@gmail.com\">Dennis H\u00f6rr<\/a><\/td>\n<\/tr>\n<tr>\n<td>Jugend<\/td>\n<td><a href=\"mailto:leticia.muelleriglesias@gmail.com\">Leticia M\u00fcller Iglesias<\/a><\/td>\n<\/tr>\n<tr>\n<td>Webmaster<\/td>\n<td><a href=\"mailto:oettinger@skiclubtaunus.de\">Mark Oettinger<\/a><\/td>\n<\/tr>\n<tr>\n<td>Medien<\/td>\n<td><a href=\"mailto:oliver.henrich@skiclubtaunus.de\">Oliver Henrich<\/a><\/td>\n<\/tr>\n<tr>\n<td>Veranstaltungen<\/td>\n<td><a class=\"category\" href=\"mailto:lenz@ski-club-taunus.de\">Gisela Lenz<\/a><\/td>\n<\/tr>\n<tr>\n<td>Objektpflege<\/td>\n<td><a href=\"mailto:kessel@skiclubtaunus.de\">Jens Kessel<\/a><\/td>\n<\/tr>\n<\/tbody>\n<\/table>\n","protected":false},"excerpt":{"rendered":"<p>Position Name 1. Vorsitzender Dominik Gross 2. Vorsitzender Andreas Fauner Finanzen Heribert Franz Lehrwesen Paula Stortz \u00dcbungsleiterwart Dennis H\u00f6rr Jugend Leticia M\u00fcller Iglesias Webmaster Mark Oettinger Medien Oliver Henrich Veranstaltungen Gisela Lenz Objektpflege Jens Kessel<\/p>\n","protected":false},"author":4,"featured_media":0,"parent":0,"menu_order":0,"comment_status":"closed","ping_status":"closed","template":"","meta":{"ngg_post_thumbnail":0,"footnotes":""},"class_list":["post-615","page","type-page","status-publish","hentry"],"_links":{"self":[{"href":"https:\/\/skiclubtaunus.de\/wms\/wp-json\/wp\/v2\/pages\/615","targetHints":{"allow":["GET"]}}],"collection":[{"href":"https:\/\/skiclubtaunus.de\/wms\/wp-json\/wp\/v2\/pages"}],"about":[{"href":"https:\/\/skiclubtaunus.de\/wms\/wp-json\/wp\/v2\/types\/page"}],"author":[{"embeddable":true,"href":"https:\/\/skiclubtaunus.de\/wms\/wp-json\/wp\/v2\/users\/4"}],"replies":[{"embeddable":true,"href":"https:\/\/skiclubtaunus.de\/wms\/wp-json\/wp\/v2\/comments?post=615"}],"version-history":[{"count":10,"href":"https:\/\/skiclubtaunus.de\/wms\/wp-json\/wp\/v2\/pages\/615\/revisions"}],"predecessor-version":[{"id":9015,"href":"https:\/\/skiclubtaunus.de\/wms\/wp-json\/wp\/v2\/pages\/615\/revisions\/9015"}],"wp:attachment":[{"href":"https:\/\/skiclubtaunus.de\/wms\/wp-json\/wp\/v2\/media?parent=615"}],"curies":[{"name":"wp","href":"https:\/\/api.w.org\/{rel}","templated":true}]}}