{"id":603,"date":"2016-05-23T11:36:01","date_gmt":"2016-05-23T09:36:01","guid":{"rendered":"http:\/\/skiclubtaunus.de\/wms\/?page_id=603"},"modified":"2026-04-11T14:23:33","modified_gmt":"2026-04-11T12:23:33","slug":"rennlauf","status":"publish","type":"page","link":"https:\/\/skiclubtaunus.de\/wms\/rennlauf\/","title":{"rendered":"Rennlauf"},"content":{"rendered":"<div id=\"pl-603\"  class=\"panel-layout\" ><div id=\"pg-603-0\"  class=\"panel-grid panel-no-style\" ><div id=\"pgc-603-0-0\"  class=\"panel-grid-cell\" ><div id=\"panel-603-0-0-0\" class=\"so-panel widget widget_sow-editor panel-first-child\" data-index=\"0\" ><div\n\t\t\t\n\t\t\tclass=\"so-widget-sow-editor so-widget-sow-editor-base\"\n\t\t\t\n\t\t>\n<div class=\"siteorigin-widget-tinymce textwidget\">\n\t<p>Der Ski Club Taunus bietet im Rahmen seiner Fahrten Renntraining, sowie spezielle Trainingslehrg\u00e4nge an. Sch\u00fcler k\u00f6nnen am Kidscup des<img loading=\"lazy\" decoding=\"async\" class=\"size-full wp-image-784 alignright\" src=\"http:\/\/skiclubtaunus.de\/wms\/wp-content\/uploads\/2016\/05\/skirennen.jpg\" alt=\"skirennen\" width=\"261\" height=\"168\" \/><br \/>\nhessischen Skiverbands teilnehmen.<br \/>\nEnde Janunar findet die Clubmeisterschaft des Ski Club Taunus statt, bei dem sich Rennl\u00e4ufer vereinsintern messen k\u00f6nnen.<\/p>\n<\/div>\n<\/div><\/div><div id=\"panel-603-0-0-1\" class=\"so-panel widget widget_rpwe_widget rpwe_widget recent-posts-extended panel-last-child\" data-index=\"1\" ><h3 class=\"widget-title\">Letzte Beitr\u00e4ge<\/h3><div  class=\"rpwe-block\"><ul class=\"rpwe-ul\"><li class=\"rpwe-li rpwe-clearfix\"><h3 class=\"rpwe-title\"><a href=\"https:\/\/skiclubtaunus.de\/wms\/2026\/01\/19\/sct-kinderpokal-28-2-1-3-2026\/\" target=\"_self\">= ABGESAGT = SCT Kinderpokal 2026<\/a><\/h3><time class=\"rpwe-time published\" datetime=\"2026-01-19T14:58:14+01:00\">19. Januar 2026<\/time><div class=\"rpwe-summary\">Liebe Skifreunde, unser SCT Kinderpokal 2026 kann auch dieses Jahr leider mangels Schnee nicht stattfinden und mussabgesagt werden &#8211; genau wie der parallel geplante Dompokal &hellip;<a href=\"https:\/\/skiclubtaunus.de\/wms\/2026\/01\/19\/sct-kinderpokal-28-2-1-3-2026\/\" class=\"more-link\">Mehr \u00bb<\/a><\/div><\/li><li class=\"rpwe-li rpwe-clearfix\"><h3 class=\"rpwe-title\"><a href=\"https:\/\/skiclubtaunus.de\/wms\/2024\/02\/08\/kinderpokal-abgesagt\/\" target=\"_self\">Kinderpokal abgesagt<\/a><\/h3><time class=\"rpwe-time published\" datetime=\"2024-02-08T19:38:46+01:00\">8. Februar 2024<\/time><div class=\"rpwe-summary\">Schweren Herzens m\u00fcssen wir den 13. SCT-Kinderpokal 17. \/ 18.02.2024 aufgrund von Schneemangel leider absagen.<a href=\"https:\/\/skiclubtaunus.de\/wms\/2024\/02\/08\/kinderpokal-abgesagt\/\" class=\"more-link\">Mehr \u00bb<\/a><\/div><\/li><li class=\"rpwe-li rpwe-clearfix\"><h3 class=\"rpwe-title\"><a href=\"https:\/\/skiclubtaunus.de\/wms\/2023\/02\/20\/sct-kinderpokal-mangels-schnee-abgesagt\/\" target=\"_self\">SCT Kinderpokal mangels Schnee abgesagt!<\/a><\/h3><time class=\"rpwe-time published\" datetime=\"2023-02-20T23:57:44+01:00\">20. Februar 2023<\/time><div class=\"rpwe-summary\">Der SCT Kinderpokal 25. &amp; 26.02.2023 muss dieses Jahr aufgrund von Schneemangel leider entfallen.<a href=\"https:\/\/skiclubtaunus.de\/wms\/2023\/02\/20\/sct-kinderpokal-mangels-schnee-abgesagt\/\" class=\"more-link\">Mehr \u00bb<\/a><\/div><\/li><li class=\"rpwe-li rpwe-clearfix\"><h3 class=\"rpwe-title\"><a href=\"https:\/\/skiclubtaunus.de\/wms\/2022\/02\/15\/kinderpokal-todtnauberg-2022-ergebnislisten-bilder\/\" target=\"_self\">Kinderpokal Todtnauberg 2022 Ergebnislisten + Bilder<\/a><\/h3><time class=\"rpwe-time published\" datetime=\"2022-02-15T09:57:09+01:00\">15. Februar 2022<\/time><div class=\"rpwe-summary\">Die Ergebnislisten des SCT Kinderpokal 2022 sind online: Riesenslalom am Samstag, 12.02.2022 Slalom am Sonntag, 13.02.2022 Die Fotos sind unter folgenden Links zu erreichen: Verschl\u00fcsselt &hellip;<a href=\"https:\/\/skiclubtaunus.de\/wms\/2022\/02\/15\/kinderpokal-todtnauberg-2022-ergebnislisten-bilder\/\" class=\"more-link\">Mehr \u00bb<\/a><\/div><\/li><li class=\"rpwe-li rpwe-clearfix\"><h3 class=\"rpwe-title\"><a href=\"https:\/\/skiclubtaunus.de\/wms\/2021\/12\/20\/12-sct-kinderpokal-12-13-02-2022\/\" target=\"_self\">12. SCT Kinderpokal 12. &#038; 13.02.2022<\/a><\/h3><time class=\"rpwe-time published\" datetime=\"2021-12-20T21:54:11+01:00\">20. Dezember 2021<\/time><div class=\"rpwe-summary\">Der Ski Club Taunus veranstaltet dieses Jahr, nach zweimaligem Ausfall, wieder den SCT Kinderpokal Todtnauberg. Alle Informationen gibt es in der Ausschreibung. Bei Fragen, wendet &hellip;<a href=\"https:\/\/skiclubtaunus.de\/wms\/2021\/12\/20\/12-sct-kinderpokal-12-13-02-2022\/\" class=\"more-link\">Mehr \u00bb<\/a><\/div><\/li><li class=\"rpwe-li rpwe-clearfix\"><h3 class=\"rpwe-title\"><a href=\"https:\/\/skiclubtaunus.de\/wms\/2020\/09\/28\/herbstlehrgang-fuer-junge-rennlaeuferinnen\/\" target=\"_self\">Herbstlehrgang f\u00fcr junge Rennl\u00e4ufer:innen<\/a><\/h3><time class=\"rpwe-time published\" datetime=\"2020-09-28T01:42:16+02:00\">28. September 2020<\/time><div class=\"rpwe-summary\">Vom 10. bis 17. Oktober 2020 bietet der SCT einen Lehrgang f\u00fcr ambitionierte junge Rennl\u00e4uferinnen und Rennl\u00e4ufer in St. Leonhard im Pitztal. Aufgrund der Reisewarnung &hellip;<a href=\"https:\/\/skiclubtaunus.de\/wms\/2020\/09\/28\/herbstlehrgang-fuer-junge-rennlaeuferinnen\/\" class=\"more-link\">Mehr \u00bb<\/a><\/div><\/li><li class=\"rpwe-li rpwe-clearfix\"><h3 class=\"rpwe-title\"><a href=\"https:\/\/skiclubtaunus.de\/wms\/2020\/02\/03\/sct-kinderpokal-abgesagt\/\" target=\"_self\">SCT Kinderpokal abgesagt<\/a><\/h3><time class=\"rpwe-time published\" datetime=\"2020-02-03T13:18:37+01:00\">3. Februar 2020<\/time><div class=\"rpwe-summary\">Der SCT-Kinderpokal in Todtnauberg vom am 08. und 09. Februar muss wegen Schneemangel abgesagt werden.<a href=\"https:\/\/skiclubtaunus.de\/wms\/2020\/02\/03\/sct-kinderpokal-abgesagt\/\" class=\"more-link\">Mehr \u00bb<\/a><\/div><\/li><li class=\"rpwe-li rpwe-clearfix\"><h3 class=\"rpwe-title\"><a href=\"https:\/\/skiclubtaunus.de\/wms\/2019\/12\/15\/weihnachtsrundschreiben-des-sct\/\" target=\"_self\">Weihnachtsrundschreiben des SCT<\/a><\/h3><time class=\"rpwe-time published\" datetime=\"2019-12-15T10:00:00+01:00\">15. Dezember 2019<\/time><div class=\"rpwe-summary\"><a href=\"https:\/\/skiclubtaunus.de\/wms\/2019\/12\/15\/weihnachtsrundschreiben-des-sct\/\" class=\"more-link\">Mehr \u00bb<\/a><\/div><\/li><li class=\"rpwe-li rpwe-clearfix\"><h3 class=\"rpwe-title\"><a href=\"https:\/\/skiclubtaunus.de\/wms\/2019\/09\/28\/rennlauf-herbstlehrgang-in-neustift-2-8-oktober-2019\/\" target=\"_self\">Rennlauf Herbstlehrgang in Neustift 2. &#8211; 8.10.2019<\/a><\/h3><time class=\"rpwe-time published\" datetime=\"2019-09-28T02:07:01+02:00\">28. September 2019<\/time><div class=\"rpwe-summary\">Der SCT bietet einen Rennlauflehrgang f\u00fcr ambitionierte junge Rennl\u00e4uferinnen, Rennl\u00e4ufer und Rennlaufeinsteiger an.<a href=\"https:\/\/skiclubtaunus.de\/wms\/2019\/09\/28\/rennlauf-herbstlehrgang-in-neustift-2-8-oktober-2019\/\" class=\"more-link\">Mehr \u00bb<\/a><\/div><\/li><li class=\"rpwe-li rpwe-clearfix\"><h3 class=\"rpwe-title\"><a href=\"https:\/\/skiclubtaunus.de\/wms\/2019\/07\/31\/rennlauf-bericht-saison-18-19\/\" target=\"_self\">Rennlauf-Bericht Saison 18\/19<\/a><\/h3><time class=\"rpwe-time published\" datetime=\"2019-07-31T00:20:15+02:00\">31. Juli 2019<\/time><div class=\"rpwe-summary\">Trainingsgruppe: Kooperation Rh\u00f6n\/ Herborn\/ SC Taunus unter der F\u00fchrung SCT. Trainer: R.Roth Fam Fauner aktiv f\u00fcr den SC-Taunus Greta Sachsenr\u00f6der: weiterhin Top Platzierungen im bayrischen &hellip;<a href=\"https:\/\/skiclubtaunus.de\/wms\/2019\/07\/31\/rennlauf-bericht-saison-18-19\/\" class=\"more-link\">Mehr \u00bb<\/a><\/div><\/li><\/ul><\/div><!-- Generated by http:\/\/wordpress.org\/plugins\/recent-posts-widget-extended\/ --><\/div><\/div><\/div><\/div>","protected":false},"excerpt":{"rendered":"<p>Der Ski Club Taunus bietet im Rahmen seiner Fahrten Renntraining, sowie spezielle Trainingslehrg\u00e4nge an. Sch\u00fcler k\u00f6nnen am Kidscup des hessischen Skiverbands teilnehmen. Ende Janunar findet die Clubmeisterschaft des Ski Club Taunus statt, bei dem sich Rennl\u00e4ufer vereinsintern messen k\u00f6nnen.<\/p>\n","protected":false},"author":4,"featured_media":0,"parent":0,"menu_order":0,"comment_status":"closed","ping_status":"closed","template":"","meta":{"ngg_post_thumbnail":0,"footnotes":""},"class_list":["post-603","page","type-page","status-publish","hentry"],"_links":{"self":[{"href":"https:\/\/skiclubtaunus.de\/wms\/wp-json\/wp\/v2\/pages\/603","targetHints":{"allow":["GET"]}}],"collection":[{"href":"https:\/\/skiclubtaunus.de\/wms\/wp-json\/wp\/v2\/pages"}],"about":[{"href":"https:\/\/skiclubtaunus.de\/wms\/wp-json\/wp\/v2\/types\/page"}],"author":[{"embeddable":true,"href":"https:\/\/skiclubtaunus.de\/wms\/wp-json\/wp\/v2\/users\/4"}],"replies":[{"embeddable":true,"href":"https:\/\/skiclubtaunus.de\/wms\/wp-json\/wp\/v2\/comments?post=603"}],"version-history":[{"count":5,"href":"https:\/\/skiclubtaunus.de\/wms\/wp-json\/wp\/v2\/pages\/603\/revisions"}],"predecessor-version":[{"id":800,"href":"https:\/\/skiclubtaunus.de\/wms\/wp-json\/wp\/v2\/pages\/603\/revisions\/800"}],"wp:attachment":[{"href":"https:\/\/skiclubtaunus.de\/wms\/wp-json\/wp\/v2\/media?parent=603"}],"curies":[{"name":"wp","href":"https:\/\/api.w.org\/{rel}","templated":true}]}}