{"id":4497,"date":"2017-07-13T15:18:17","date_gmt":"2017-07-13T13:18:17","guid":{"rendered":"http:\/\/skiclubtaunus.de\/wms\/?page_id=4497"},"modified":"2026-04-11T14:23:33","modified_gmt":"2026-04-11T12:23:33","slug":"familienfahrt-weihnachten-kronplatz","status":"publish","type":"page","link":"https:\/\/skiclubtaunus.de\/wms\/familienfahrt-weihnachten-kronplatz\/","title":{"rendered":"Familienfahrt 1 &#8211; Pistenspa\u00df am Kronplatz in S\u00fcdtirol"},"content":{"rendered":"<p><strong>Familienfahrt Nr.1 &#8211; Pistenspa\u00df am Kronplatz in S\u00fcdtirol<\/strong><br \/>\n<strong><em>f\u00fcr Familien mit Kindern und Single-Eltern<\/em><\/strong><br \/>\n<strong>vom 04.01.2026 bis 10.01.2026<\/strong><\/p>\n<p><img loading=\"lazy\" decoding=\"async\" src=\"http:\/\/skiclubtaunus.de\/wms\/wp-content\/uploads\/2016\/05\/VorlageBilderFahrten_Kronplatz.jpg\" alt=\"VorlageBilderFahrten_Kronplatz\" class=\"alignnone size-full wp-image-681\" width=\"1200\" height=\"226\" srcset=\"https:\/\/skiclubtaunus.de\/wms\/wp-content\/uploads\/2016\/05\/VorlageBilderFahrten_Kronplatz.jpg 1200w, https:\/\/skiclubtaunus.de\/wms\/wp-content\/uploads\/2016\/05\/VorlageBilderFahrten_Kronplatz-300x57.jpg 300w, https:\/\/skiclubtaunus.de\/wms\/wp-content\/uploads\/2016\/05\/VorlageBilderFahrten_Kronplatz-768x145.jpg 768w, https:\/\/skiclubtaunus.de\/wms\/wp-content\/uploads\/2016\/05\/VorlageBilderFahrten_Kronplatz-1024x193.jpg 1024w, https:\/\/skiclubtaunus.de\/wms\/wp-content\/uploads\/2016\/05\/VorlageBilderFahrten_Kronplatz-624x118.jpg 624w\" sizes=\"auto, (max-width: 1200px) 100vw, 1200px\" \/><\/p>\n<div class=\".Abstand2\"><span style=\"font-size: medium;\"><strong>Beschreibung:<\/strong><\/span><\/div>\n<p>Unsere Fahrt in den Weihnachtsferien f\u00fcr alle Familienmitglieder geht an den Kronplatz \u2013 S\u00fcdtirols Skiberg Nr. 1. Das Skigebiet Kronplatz verf\u00fcgt \u00fcber 119 Pistenkilometer und 32 modernste Aufstiegsanlagen, sowie zahlreiche Abfahrten mit unterschiedlichen Schwierigkeitsgraden \u2013 vom Anf\u00e4nger bis zum Profi. Hier findet jeder die passende Piste.<\/p>\n<div class=\"Abstand2\"><span style=\"font-size: medium;\"><strong>Leistungen:<\/strong><\/span><\/div>\n<ul>\n<li>Anreise:\n<ul>\n<li>Hinfahrt: Sonntag, 04.01., 6:00 Uhr im Komfortbus ab Amtsgericht Bad Homburg, Auf der Steinkaut 10-12, 61352 bad Homburg, Parkpl\u00e4tze in der Gegend vorhanden.\/li>\n<li>R\u00fcckfahrt: Samstag, 10.01., Ankunft in Bad Homburg gegen Abend<\/li>\n<\/ul>\n<\/li>\n<li>6 \u00dcbernachtungen mit 3\/4 Pension light (reichhaltiges Guten-Morgen-Fr\u00fchst\u00fcck vom Vitalbuffet, Nachmittagssnack, abends 5 G\u00e4nge-Men\u00fc mit Wahlm\u00f6glichkeiten, vegetarisches Men\u00fc und Salatbuffet, Kinderkarte\/Kindermen\u00fc)<\/li>\n<li><u><strong>Bitte bei Onlinebuchung im Feld \u201eBemerkung\u201c angeben, wenn Lebensmittel f\u00fcr besondere Ern\u00e4hrungsbed\u00fcrfnisse gew\u00fcnscht sind, z.B. gluten- oder laktosefreie Nahrungsmittel.<\/strong><\/u><\/li>\n<li>Unser moderner Reisebus bleibt vor Ort f\u00fcr Fahrten zu den Liftanlagen des Kronplatzes und zur Sella-Ronda in die Dolomiten<\/li>\n<li>5 Tage Skipass Dolomiti Superski<\/li>\n<li>Skibetreuung f\u00fcr Kinder in Gruppen durch zertifizierte \u00dcbungsleiter<\/li>\n<li>Erwachsene haben die M\u00f6glichkeit zusammen mit einem \u00dcbungsleiter im Skigebiet zu fahren <\/li>\n<li>Abschlussrennen mit Siegerehrung <\/li>\n<li>F\u00fcr alle Skifahrer ist in Italien eine Privat-Haftpflichtversicherung verpflichtend, eine Best\u00e4tigung der Versicherungsgesellschaft ist auf dem Smartphone oder als Ausdruck mitzuf\u00fchren.<\/li>\n<li>Ab der Wintersaison 2025\/26 ist der Helm au\u00dfnahmslos f\u00fcr <u><strong>alle<\/strong><\/u> auf der Piste Pflicht.<\/li>\n<li>F\u00fcr ge\u00fcbte Skifahrer mit guter Kondition besteht die M\u00f6glichkeit zum Einstieg in die<br \/>\nSellaronda. Die 26 km lange Skirunde um den Sellastock ist ein ganz besonderes Erlebnis  mit tollem Dolomitenpanorama.<\/li>\n<li>Auch Schneeschuhwanderungen durch winterlich verschneite Landschaften im Pustertal sind sehr beliebt sowie das traditionelle Paragleiten. Der Kronplatz liegt zentral im Pustertal und kann bequem mit den Aufstiegsanlagen erreicht werden.<\/li>\n<\/ul>\n<div class=\".Abstand3\"><strong>Unterkunft:<\/strong><\/div>\n<p>Naturhotel Die Waldruhe**** in Kiens\/Hofern, <a href=\"http:\/\/www.hotel-waldruhe.com\">www.hotel-waldruhe.com<\/a><br \/>\nDoppelzimmer und MBZ mit Bad\/Dusche, WC, F\u00f6n, Balkon, Sat-TV LCD, Safe, Telefon und WLAN.<br \/>\nWOHLF\u00dcHLWELT mit Erlebnishallenbad, ganzj\u00e4hrig beheizten Au\u00dfenpool mit Bergblick auf die Dolomiten und integrierten Whirlliegen, Infinity Pool, gro\u00dfe Almsauna mit Bergblick, gro\u00dfes Dampfbad, Sauna, Wald-Spa-Dachterrasse mit Dolomiten-Blick, Wellnessbar mit Quellwasser, Teebuffet und frischem Obst.<\/p>\n<div class=\".Abstand3\"><strong>Preise:<\/strong><\/div>\n<table>\n<tbody>\n<tr>\n<th>Jahrgang<\/th>\n<th>Mitglieder<\/th>\n<th>Nicht-Mitglieder<\/th>\n<\/tr>\n<tr>\n<td>2018 &#038; j\u00fcnger<\/td>\n<td>\u20ac 850<\/td>\n<td>\u20ac 900<\/td>\n<\/tr>\n<tr>\n<td>2017-2013<\/td>\n<td>\u20ac 1.090<\/td>\n<td>\u20ac 1.140<\/td>\n<\/tr>\n<tr>\n<td>2012-2009<\/td>\n<td>\u20ac 1.150<\/td>\n<td>\u20ac 1.200<\/td>\n<\/tr>\n<tr>\n<td>2008 &amp; \u00e4lter<\/td>\n<td>\u20ac 1.390<\/td>\n<td>\u20ac 1.440<\/td>\n<\/tr>\n<\/tbody>\n<\/table>\n<p><em>Bei Vereinseintritt in den SCT werden Nicht-Mitgliedern 30 \u20ac auf den Clubbeitrag des ersten Jahres angerechnet.<\/em><\/p>\n<p><em>Die Kinderpreise gelten bei Unterbringung im Zimmer der Eltern.<\/em><br \/>\nSkiausr\u00fcstung kann in der Talstation der Kronplatzbahnen in Reischach<br \/>\nausgeliehen werden:  <a href=\"https:\/\/www.rentasport.biz\/\">https:\/\/www.rentasport.biz\/<\/a> Bei Online-Buchung werden Preisnachl\u00e4sse<br \/>\nangeboten<\/p>\n<div class=\".Abstand3\"><strong>Zahlung:<\/strong><\/div>\n<p>Anzahlung \u20ac 100 pro Person sofort bei Anmeldung. Restzahlung bis sp\u00e4testens 21.11.2025 auf das Konto:<br \/>\nSki Club Taunus e.V. &#8211; IBAN: DE23 500 502 010 000 279 960 \u2013 BIC: HELADEF1822 Vermerk: \u201eWeihnachten 2026 &#8211; Teilnehmername(n)\u201c<\/p>\n<p>Die Buchungsbest\u00e4tigung erfolgt nach Eingang der Anzahlung und Pr\u00fcfung<br \/>\ndurch den SCT.<br \/>\n<strong>Mindestteilnehmerzahl: 35 Personen<\/strong><\/p>\n<div class=\".Abstand3\"><strong>Ansprechpartner:<\/strong><\/div>\n<div style=\"float: left; width: 110px; padding-top: 10px;\">\n<img loading=\"lazy\" decoding=\"async\" title=\"\" src=\"https:\/\/skiclubtaunus.de\/wms\/wp-content\/uploads\/2025\/10\/Tobias_Lukesch_Ausschreibung.jpg\" alt=\"\" width=\"233\" height=\"300\"><\/div>\n<div style=\"margin-left: 70px;  padding-left: 50px; padding-top: 5px \">\nTobias Lukesch<br \/>\ntelefon: +49 157 86309024<br \/>\nemail: tobias.lukesch@skiclubtaunus.de<\/div>\n<div style=\"margin: 100px 0 0 0\"><a href=\"http:\/\/skiclubtaunus.de\/wms\/anmeldung-familienfahrt-1\/\" class=\"medium otw-aqua radius otw-button\" target=\"_blank\">Jetzt Buchen<\/a><\/div>\n","protected":false},"excerpt":{"rendered":"<p>Familienfahrt Nr.1 &#8211; Pistenspa\u00df am Kronplatz in S\u00fcdtirol f\u00fcr Familien mit Kindern und Single-Eltern vom 04.01.2026 bis 10.01.2026 Beschreibung: Unsere Fahrt in den Weihnachtsferien f\u00fcr alle Familienmitglieder geht an den Kronplatz \u2013 S\u00fcdtirols Skiberg Nr. 1. Das Skigebiet Kronplatz verf\u00fcgt \u00fcber 119 Pistenkilometer und 32 modernste Aufstiegsanlagen, sowie zahlreiche Abfahrten mit unterschiedlichen Schwierigkeitsgraden \u2013 vom Anf\u00e4nger bis zum Profi. Hier&#8230; <a href=\"https:\/\/skiclubtaunus.de\/wms\/familienfahrt-weihnachten-kronplatz\/\">Read more &raquo;<\/a><\/p>\n","protected":false},"author":4,"featured_media":0,"parent":0,"menu_order":0,"comment_status":"closed","ping_status":"closed","template":"","meta":{"ngg_post_thumbnail":0,"footnotes":""},"class_list":["post-4497","page","type-page","status-publish","hentry"],"_links":{"self":[{"href":"https:\/\/skiclubtaunus.de\/wms\/wp-json\/wp\/v2\/pages\/4497","targetHints":{"allow":["GET"]}}],"collection":[{"href":"https:\/\/skiclubtaunus.de\/wms\/wp-json\/wp\/v2\/pages"}],"about":[{"href":"https:\/\/skiclubtaunus.de\/wms\/wp-json\/wp\/v2\/types\/page"}],"author":[{"embeddable":true,"href":"https:\/\/skiclubtaunus.de\/wms\/wp-json\/wp\/v2\/users\/4"}],"replies":[{"embeddable":true,"href":"https:\/\/skiclubtaunus.de\/wms\/wp-json\/wp\/v2\/comments?post=4497"}],"version-history":[{"count":54,"href":"https:\/\/skiclubtaunus.de\/wms\/wp-json\/wp\/v2\/pages\/4497\/revisions"}],"predecessor-version":[{"id":9452,"href":"https:\/\/skiclubtaunus.de\/wms\/wp-json\/wp\/v2\/pages\/4497\/revisions\/9452"}],"wp:attachment":[{"href":"https:\/\/skiclubtaunus.de\/wms\/wp-json\/wp\/v2\/media?parent=4497"}],"curies":[{"name":"wp","href":"https:\/\/api.w.org\/{rel}","templated":true}]}}